{"id":411,"date":"2019-09-24T05:08:57","date_gmt":"2019-09-24T05:08:57","guid":{"rendered":"https:\/\/art.seatheme.net\/portfolio5\/?page_id=6204"},"modified":"2019-09-24T05:08:57","modified_gmt":"2019-09-24T05:08:57","slug":"demo-slider","status":"publish","type":"page","link":"https:\/\/www.milanskorupa.sk\/index.php\/demo-slider\/","title":{"rendered":"Minimal Slider"},"content":{"rendered":"<div class=\"bm-builder clearfix \"><div id=\"\" class=\"module col-0 module-id-1569301833145 col-offset-1\" data-module-col=\"0\"><div class=\"module-inside slider-inside post-0-422\" style=\"--cornerRadius:0px 0px 0px 0px ; --top-mod: 0px;--bottom-mod: 0px;--top-mod-t: 0px;--bottom-mod-t: 0px;--top-mod-m:0px;--bottom-mod-m:0px;\" ><div class=\"slider-mod-wrap slider-style1 slider-img-fit-contain slide-des-bottom-left slide-number-show slide-number-bottom-right slide-number-bottom-right slide-arrow-show slide-arrow-show-default \" ><div class=\"slider-arrow-left slider-arrow\"><img loading=\"lazy\" decoding=\"async\" width=\"128\" height=\"128\" src=\"https:\/\/www.milanskorupa.sk\/wp-content\/uploads\/2022\/12\/arrow-left-2.svg\" class=\"arrow-is-svg\" alt=\"\" \/><\/div><div class=\"slider-arrow-right slider-arrow\"><img loading=\"lazy\" decoding=\"async\" width=\"128\" height=\"128\" src=\"https:\/\/www.milanskorupa.sk\/wp-content\/uploads\/2022\/12\/arrow-right-2.svg\" class=\"arrow-is-svg\" alt=\"\" \/><\/div><div class=\"owl-carousel \" data-item=\"1\" data-mobileitem=\"1\" data-center=\"false\" data-margin=\"0\" data-marginmobile=\"0\" data-autowidth=\"false\" data-slideby=\"1\" data-showdot=\"true\" data-loop=\"true\" data-nav=\"false\" data-animateout=\"fadeOut\" data-animatein=\"fadeIn\" data-mousedrag=\"false\" data-mousewheel=\"false\" data-transition=\"200\" data-auto=\"true\" data-autoplayTimeout=\"5000\" data-autohide=\"true\" data-lazy=\"true\" data-random=\"false\" ><section class=\"item\" data-logocolor=\"default-logo\" data-menucolor=\"default-menu\" data-id=\"post-0-422\"><div class=\"slide-item-wrap\"><div class=\"slide-item-des\"><div class=\"slide-item-des-wrap\"><\/div><\/div><div class=\"carousel-img-wrap ux-ajax-page-transition-link\" style=\"\"><img decoding=\"async\" src=\"data:image\/gif;base64,R0lGODlhAQABAIAAAAAAAP\/\/\/yH5BAEAAAAALAAAAAABAAEAAAIBRAA7\" data-src=\"https:\/\/www.milanskorupa.sk\/wp-content\/uploads\/2022\/12\/00-1-scaled.jpg\" alt=\"\" data-srcset=\"https:\/\/www.milanskorupa.sk\/wp-content\/uploads\/2022\/12\/00-1-scaled.jpg 2560w, https:\/\/www.milanskorupa.sk\/wp-content\/uploads\/2022\/12\/00-1-scaled-600x400.jpg 600w, https:\/\/www.milanskorupa.sk\/wp-content\/uploads\/2022\/12\/00-1-300x200.jpg 300w, https:\/\/www.milanskorupa.sk\/wp-content\/uploads\/2022\/12\/00-1-1024x683.jpg 1024w, https:\/\/www.milanskorupa.sk\/wp-content\/uploads\/2022\/12\/00-1-768x512.jpg 768w, https:\/\/www.milanskorupa.sk\/wp-content\/uploads\/2022\/12\/00-1-1536x1024.jpg 1536w, https:\/\/www.milanskorupa.sk\/wp-content\/uploads\/2022\/12\/00-1-2048x1365.jpg 2048w, https:\/\/www.milanskorupa.sk\/wp-content\/uploads\/2022\/12\/00-1-350x233.jpg 350w, https:\/\/www.milanskorupa.sk\/wp-content\/uploads\/2022\/12\/00-1-scaled-arttheme-standard-thumb-650x433.jpg 650w, https:\/\/www.milanskorupa.sk\/wp-content\/uploads\/2022\/12\/00-1-scaled-arttheme-standard-thumb-medium-1000x667.jpg 1000w, https:\/\/www.milanskorupa.sk\/wp-content\/uploads\/2022\/12\/00-1-scaled-arttheme-standard-thumb-big-2000x1334.jpg 2000w\" data-sizes=\"(max-width: 480px) 320px,(max-width: 767px) 500px,(max-width: 2560px) 100vw, 2560px\" class=\"grid-item-img owl-lazy lazy\" ><\/div><\/div><\/section><section class=\"item\" data-logocolor=\"default-logo\" data-menucolor=\"default-menu\" data-id=\"post-1-423\"><div class=\"slide-item-wrap\"><div class=\"slide-item-des\"><div class=\"slide-item-des-wrap\"><\/div><\/div><div class=\"carousel-img-wrap ux-ajax-page-transition-link\" style=\"\"><img decoding=\"async\" src=\"data:image\/gif;base64,R0lGODlhAQABAIAAAAAAAP\/\/\/yH5BAEAAAAALAAAAAABAAEAAAIBRAA7\" data-src=\"https:\/\/www.milanskorupa.sk\/wp-content\/uploads\/2022\/12\/02-scaled.jpg\" alt=\"\" data-srcset=\"https:\/\/www.milanskorupa.sk\/wp-content\/uploads\/2022\/12\/02-scaled.jpg 2560w, https:\/\/www.milanskorupa.sk\/wp-content\/uploads\/2022\/12\/02-scaled-600x400.jpg 600w, https:\/\/www.milanskorupa.sk\/wp-content\/uploads\/2022\/12\/02-300x200.jpg 300w, https:\/\/www.milanskorupa.sk\/wp-content\/uploads\/2022\/12\/02-1024x683.jpg 1024w, https:\/\/www.milanskorupa.sk\/wp-content\/uploads\/2022\/12\/02-768x512.jpg 768w, https:\/\/www.milanskorupa.sk\/wp-content\/uploads\/2022\/12\/02-1536x1024.jpg 1536w, https:\/\/www.milanskorupa.sk\/wp-content\/uploads\/2022\/12\/02-2048x1365.jpg 2048w, https:\/\/www.milanskorupa.sk\/wp-content\/uploads\/2022\/12\/02-350x233.jpg 350w, https:\/\/www.milanskorupa.sk\/wp-content\/uploads\/2022\/12\/02-650x433.jpg 650w, https:\/\/www.milanskorupa.sk\/wp-content\/uploads\/2022\/12\/02-1000x667.jpg 1000w, https:\/\/www.milanskorupa.sk\/wp-content\/uploads\/2022\/12\/02-2000x1333.jpg 2000w\" data-sizes=\"(max-width: 480px) 320px,(max-width: 767px) 500px,(max-width: 2560px) 100vw, 2560px\" class=\"grid-item-img owl-lazy lazy\" ><\/div><\/div><\/section><section class=\"item\" data-logocolor=\"default-logo\" data-menucolor=\"default-menu\" data-id=\"post-2-425\"><div class=\"slide-item-wrap\"><div class=\"slide-item-des\"><div class=\"slide-item-des-wrap\"><\/div><\/div><div class=\"carousel-img-wrap ux-ajax-page-transition-link\" style=\"\"><img decoding=\"async\" src=\"data:image\/gif;base64,R0lGODlhAQABAIAAAAAAAP\/\/\/yH5BAEAAAAALAAAAAABAAEAAAIBRAA7\" data-src=\"https:\/\/www.milanskorupa.sk\/wp-content\/uploads\/2022\/12\/05-scaled.jpg\" alt=\"\" data-srcset=\"https:\/\/www.milanskorupa.sk\/wp-content\/uploads\/2022\/12\/05-scaled.jpg 2560w, https:\/\/www.milanskorupa.sk\/wp-content\/uploads\/2022\/12\/05-scaled-600x400.jpg 600w, https:\/\/www.milanskorupa.sk\/wp-content\/uploads\/2022\/12\/05-300x200.jpg 300w, https:\/\/www.milanskorupa.sk\/wp-content\/uploads\/2022\/12\/05-1024x683.jpg 1024w, https:\/\/www.milanskorupa.sk\/wp-content\/uploads\/2022\/12\/05-768x512.jpg 768w, https:\/\/www.milanskorupa.sk\/wp-content\/uploads\/2022\/12\/05-1536x1024.jpg 1536w, https:\/\/www.milanskorupa.sk\/wp-content\/uploads\/2022\/12\/05-2048x1365.jpg 2048w, https:\/\/www.milanskorupa.sk\/wp-content\/uploads\/2022\/12\/05-350x233.jpg 350w, https:\/\/www.milanskorupa.sk\/wp-content\/uploads\/2022\/12\/05-650x433.jpg 650w, https:\/\/www.milanskorupa.sk\/wp-content\/uploads\/2022\/12\/05-1000x667.jpg 1000w, https:\/\/www.milanskorupa.sk\/wp-content\/uploads\/2022\/12\/05-2000x1333.jpg 2000w\" data-sizes=\"(max-width: 480px) 320px,(max-width: 767px) 500px,(max-width: 2560px) 100vw, 2560px\" class=\"grid-item-img owl-lazy lazy\" ><\/div><\/div><\/section><section class=\"item\" data-logocolor=\"default-logo\" data-menucolor=\"default-menu\" data-id=\"post-3-424\"><div class=\"slide-item-wrap\"><div class=\"slide-item-des\"><div class=\"slide-item-des-wrap\"><\/div><\/div><div class=\"carousel-img-wrap ux-ajax-page-transition-link\" style=\"\"><img decoding=\"async\" src=\"data:image\/gif;base64,R0lGODlhAQABAIAAAAAAAP\/\/\/yH5BAEAAAAALAAAAAABAAEAAAIBRAA7\" data-src=\"https:\/\/www.milanskorupa.sk\/wp-content\/uploads\/2022\/12\/03-1-scaled.jpg\" alt=\"\" data-srcset=\"https:\/\/www.milanskorupa.sk\/wp-content\/uploads\/2022\/12\/03-1-scaled.jpg 2560w, https:\/\/www.milanskorupa.sk\/wp-content\/uploads\/2022\/12\/03-1-scaled-600x400.jpg 600w, https:\/\/www.milanskorupa.sk\/wp-content\/uploads\/2022\/12\/03-1-300x200.jpg 300w, https:\/\/www.milanskorupa.sk\/wp-content\/uploads\/2022\/12\/03-1-1024x683.jpg 1024w, https:\/\/www.milanskorupa.sk\/wp-content\/uploads\/2022\/12\/03-1-768x512.jpg 768w, https:\/\/www.milanskorupa.sk\/wp-content\/uploads\/2022\/12\/03-1-1536x1024.jpg 1536w, https:\/\/www.milanskorupa.sk\/wp-content\/uploads\/2022\/12\/03-1-2048x1365.jpg 2048w, https:\/\/www.milanskorupa.sk\/wp-content\/uploads\/2022\/12\/03-1-350x233.jpg 350w, https:\/\/www.milanskorupa.sk\/wp-content\/uploads\/2022\/12\/03-1-650x433.jpg 650w, https:\/\/www.milanskorupa.sk\/wp-content\/uploads\/2022\/12\/03-1-1000x667.jpg 1000w, https:\/\/www.milanskorupa.sk\/wp-content\/uploads\/2022\/12\/03-1-2000x1333.jpg 2000w\" data-sizes=\"(max-width: 480px) 320px,(max-width: 767px) 500px,(max-width: 2560px) 100vw, 2560px\" class=\"grid-item-img owl-lazy lazy\" ><\/div><\/div><\/section><\/div><!--End owl --><\/div><\/div><\/div><div id=\"\" class=\"module col-12 module-id-1673475937776 bm-wrap row-top row-left bm-wrap-height-auto col-offset-0\" data-module-col=\"12\" data-change-color=\"off\" data-backcolor=\"transparent\" data-frontcolor=\"\" data-logocolor=\"\" data-goto-top=\"off\" data-goto-top-spacing=\"0\" data-goto-disable-m=\"off\" data-groupsameheight=\"off\"><div class=\"module-inside group-inside\" style=\"--cornerRadius:0px 0px 0px 0px ; --top-mod: 20px;--bottom-mod: 20px;--top-mod-t: 20px;--bottom-mod-t: 20px;--top-mod-m:5px;--bottom-mod-m:5px;\" ><div id=\"\" class=\"module col-3 module-id-167347593820 col-offset-0\" data-module-col=\"3\"><div class=\"module-inside text-inside\" style=\"--top-mod: 20px;--bottom-mod: 20px;--top-mod-t: 20px;--bottom-mod-t: 20px;--top-mod-m:5px;--bottom-mod-m:5px;\" ><div class=\"text_block_out\"  data-effect=\"standard\" style=\"\"><div class=\"text_block ux-mod-nobg\"><div class=\"text_block_inn\"><div id=\"text-167347593820\" class=\"text_block_centered text_block_centered_enable_width\"  style=\"\"><h3 style=\"text-align: left;\"><span class=\"fill-color-scroll\" style=\"letter-spacing: 0px; color: #000000;\"><strong><span style=\"font-family: Rubik;\">TWIN CITY <\/span><span style=\"font-family: Rubik;\">TOWER<\/span><\/strong><\/span><\/h3>\n<p><span style=\"color: #000000;\">Twin city Tower &#8211; interi\u00e9r<\/span><\/p>\n<p><span style=\"color: #000000;\">Mlynsk\u00e9 Nivy, Bratislava<\/span><\/p>\n<p><span style=\"color: #000000;\">Slovensko<\/span><\/p>\n<p><span style=\"color: #000000;\">2018<\/span><\/p><\/div><\/div><\/div><\/div><\/div><\/div><div id=\"\" class=\"module col-3 module-id-1673475938139 col-offset-0\" data-module-col=\"3\"><div class=\"module-inside text-inside\" style=\"--top-mod: 20px;--bottom-mod: 20px;--top-mod-t: 20px;--bottom-mod-t: 20px;--top-mod-m:5px;--bottom-mod-m:5px;\" ><div class=\"text_block_out\"  data-effect=\"standard\" style=\"\"><div class=\"text_block ux-mod-nobg\"><div class=\"text_block_inn\"><div id=\"text-1673475938139\" class=\"text_block_centered text_block_centered_enable_width\"  style=\"\"><\/div><\/div><\/div><\/div><\/div><\/div><div id=\"\" class=\"module col-6 module-id-1673475938269 col-offset-0\" data-module-col=\"6\"><div class=\"module-inside text-inside\" style=\"--top-mod: 20px;--bottom-mod: 40px;--top-mod-t: 20px;--bottom-mod-t: 40px;--top-mod-m:5px;--bottom-mod-m:15px;\" ><div class=\"text_block_out\"  data-effect=\"standard\" style=\"\"><div class=\"text_block ux-mod-nobg\"><div class=\"text_block_inn\"><div id=\"text-1673475938269\" class=\"text_block_centered text_block_centered_enable_width\"  style=\"\"><p><span style=\"color: #000000;\">Pri tvorbe verejn\u00fdch interi\u00e9rov\u00fdch priestorov Twin City Tower bolo z\u00e1merom vytvori\u0165 reprezentat\u00edvny, civiln\u00fd a vzdu\u0161n\u00fd priestor, ktor\u00fd nebude p\u00f4sobi\u0165 chladne, ale naopak primerane \u00fatulne vzh\u013eadom na povahu jeho funkcie. Hlavn\u00fa my\u0161lienku n\u00e1vrhu interi\u00e9ru tvor\u00ed <em>materi\u00e1l<\/em>. Ke\u010f\u017ee ide o v\u00fd\u0161kov\u00fa budovu, prim\u00e1rna vo\u013eba materi\u00e1lov bola jednozna\u010dn\u00e1. Do budovy s presklenou celou fas\u00e1dou je vlo\u017een\u00fd kame\u0148, ktor\u00fd symbolizuje stabilitu a spo\u013eahlivos\u0165. Hlavn\u00fd materi\u00e1l je lok\u00e1lne doplnen\u00fd od\u013eah\u010duj\u00facimi, ktor\u00e9 mu nekonkuruj\u00fa a s\u00fa umiestnen\u00e9 najm\u00e4 v priestoroch, kde treba pred\u00eds\u0165 pocitom stiesnenia. Povrchov\u00e1 \u00faprava kame\u0148a je spracovan\u00e1 tak, aby \u010do najviac vynikla \u0161trukt\u00fara jeho prirodzen\u00e9ho povrchu, ktor\u00fd sa na umocnenie dojmu vhodne nasvietil. Pr\u00edrodn\u00fd kame\u0148 na podlahe aj sten\u00e1ch je matn\u00fd s priznanou \u0161trukt\u00farou. Doplnen\u00edm vhodn\u00e9ho mobili\u00e1ru a prvkov zelene sa dosiahla po\u017eadovan\u00e1 \u00fatulnos\u0165 priestoru.<\/span><\/p><\/div><\/div><\/div><\/div><\/div><\/div><\/div><\/div><div id=\"\" class=\"module col-0 module-id-1673476037603 bm-wrap row-top row-left bm-wrap-height-auto col-offset-1\" data-module-col=\"0\" data-change-color=\"off\" data-backcolor=\"transparent\" data-frontcolor=\"\" data-logocolor=\"\" data-goto-top=\"off\" data-goto-top-spacing=\"0\" data-goto-disable-m=\"off\" data-groupsameheight=\"off\"><div class=\"module-inside group-inside\" style=\"--cornerRadius:0px 0px 0px 0px ; --top-mod: 0px;--bottom-mod: 0px;--top-mod-t: 0px;--bottom-mod-t: 0px;--top-mod-m:0px;--bottom-mod-m:40px;\" ><div id=\"\" class=\"module col-12 module-id-1673476037849 col-offset-0\" data-module-col=\"12\"><div class=\"module-inside post-navi-inside\" style=\"--top-mod: 0px;--bottom-mod: 100px;--top-mod-t: 0px;--bottom-mod-t: 100px;--top-mod-m:0px;--bottom-mod-m:50px;\" ><div class=\"post-navi post-navi-bg ux-right post-navi-hover-show-img\"  style=\"\"><div class=\"post-navi-tit-wrap\"><a class=\"post-navi-tag\" href=\"https:\/\/www.milanskorupa.sk\/index.php\/moj-ucet\/\" title=\"M\u00f4j \u00fa\u010det\"><span class=\"label-text\">MANAGERS PUNK<\/span><span class=\"navi-title-img\" href=\"https:\/\/www.milanskorupa.sk\/index.php\/moj-ucet\/\"><\/span><\/a><\/div><\/div><\/div><\/div><\/div><\/div><\/div>","protected":false},"excerpt":{"rendered":"<p>TWIN CITY TOWER Twin city Tower &#8211; interi\u00e9r Mlynsk\u00e9 Nivy, &hellip;<\/p>\n","protected":false},"author":1,"featured_media":0,"parent":0,"menu_order":0,"comment_status":"closed","ping_status":"closed","template":"","meta":{"inline_featured_image":false,"footnotes":""},"class_list":["post-411","page","type-page","status-publish","hentry"],"_links":{"self":[{"href":"https:\/\/www.milanskorupa.sk\/index.php\/wp-json\/wp\/v2\/pages\/411","targetHints":{"allow":["GET"]}}],"collection":[{"href":"https:\/\/www.milanskorupa.sk\/index.php\/wp-json\/wp\/v2\/pages"}],"about":[{"href":"https:\/\/www.milanskorupa.sk\/index.php\/wp-json\/wp\/v2\/types\/page"}],"author":[{"embeddable":true,"href":"https:\/\/www.milanskorupa.sk\/index.php\/wp-json\/wp\/v2\/users\/1"}],"replies":[{"embeddable":true,"href":"https:\/\/www.milanskorupa.sk\/index.php\/wp-json\/wp\/v2\/comments?post=411"}],"version-history":[{"count":0,"href":"https:\/\/www.milanskorupa.sk\/index.php\/wp-json\/wp\/v2\/pages\/411\/revisions"}],"wp:attachment":[{"href":"https:\/\/www.milanskorupa.sk\/index.php\/wp-json\/wp\/v2\/media?parent=411"}],"curies":[{"name":"wp","href":"https:\/\/api.w.org\/{rel}","templated":true}]}}