{"id":211,"date":"2021-10-27T08:02:33","date_gmt":"2021-10-27T08:02:33","guid":{"rendered":"https:\/\/www.milanskorupa.sk\/?page_id=458"},"modified":"2021-10-27T08:02:33","modified_gmt":"2021-10-27T08:02:33","slug":"news","status":"publish","type":"page","link":"https:\/\/www.milanskorupa.sk\/index.php\/news\/","title":{"rendered":"News"},"content":{"rendered":"<div class=\"bm-builder clearfix \"><div id=\"\" class=\"module col-12 module-id-1635321779529\" data-module-col=\"12\"><div class=\"module-inside text-inside\" style=\"--top-mod: 40px;--bottom-mod: 60px;--top-mod-t: 40px;--bottom-mod-t: 60px;--top-mod-m:20px;--bottom-mod-m:30px;\" ><div class=\"text_block_out\"  data-effect=\"standard\" style=\"\"><div class=\"text_block ux-mod-nobg\"><div class=\"text_block_inn\"><div id=\"text-1635321779529\" class=\"text_block_centered text_block_centered_enable_width\"  style=\"\"><h1>Blog pri tvorbe verejn\u00fdch \u013eachko<\/h1>\n<p>pri&nbsp;<\/p>\n<div><span style=\"font-size: 20px;\" data-msize=\"9px\">Pri tvorbe verejn\u00fdch interi\u00e9rov\u00fdch priestorov Twin City Tower bolo z\u00e1merom vytvori\u0165 reprezentat\u00edvny, civiln\u00fd a vzdu\u0161n\u00fd priestor, ktor\u00fd nebude p\u00f4sobi\u0165 chladne, ale naopak primerane \u00fatulne vzh\u013eadom na povahu jeho funkcie. Hlavn\u00fa my\u0161lienku n\u00e1vrhu interi\u00e9ru tvor\u00ed MATERI\u00c1L. Ke\u010f\u017ee ide o v\u00fd\u0161kov\u00fa budovu, prim\u00e1rna vo\u013eba materi\u00e1lov bola jednozna\u010dn\u00e1. Do budovy s presklenou celou fas\u00e1dou je vlo\u017een\u00fd kame\u0148, ktor\u00fd symbolizuje stabilitu a spo\u013eahlivos\u0165. Hlavn\u00fd materi\u00e1l je lok\u00e1lne doplnen\u00fd od\u013eah\u010duj\u00facimi, ktor\u00e9 mu nekonkuruj\u00fa a s\u00fa umiestnen\u00e9 najm\u00e4 v priestoroch, kde treba pred\u00eds\u0165 pocitom stiesnenia. Povrchov\u00e1 \u00faprava kame\u0148a je spracovan\u00e1 tak, aby \u010do najviac vynikla \u0161trukt\u00fara jeho prirodzen\u00e9ho povrch, ktor\u00fd sa umocnenie dojmu vhodne nasvieti. Pr\u00edrodn\u00fd kame\u0148 na podlahe aj sten\u00e1ch je matn\u00fd s priznanou \u0161trukt\u00farou. Doplnen\u00edm vhodn\u00e9ho mobili\u00e1ru a prvkov zelene docielime po\u017eadovan\u00fa \u00fatulnos\u0165 priestoru.<\/span><\/div>\n<div><span style=\"font-size: 20px;\" data-msize=\"9px\">Projekt Twin City Tower vznikol v spolupr\u00e1ci HB Reavis s partnersk\u00fdmi \u0161t\u00fadiami CEPM a Siebert + Tala\u0161 a britsk\u00fdm \u0161t\u00fadiom John Roberston Architects.<\/span><\/div>\n<div>&nbsp;<\/div>\n<p><span style=\"letter-spacing: 0px; font-size: 20px;\" data-msize=\"9px\">Twin city Tower &#8211; interi\u00e9r 2018<\/span><\/p>\n<p style=\"text-align: left;\"><span style=\"font-size: 20px;\" data-msize=\"9px\">Bratislava, Slovensko<\/span><\/p>\n<div style=\"text-align: left;\"><span style=\"font-size: 20px;\" data-msize=\"9px\">klient : HB Reavis<\/span><br><span style=\"font-size: 20px;\" data-msize=\"9px\"><a href=\"https:\/\/twincity.sk\/\" target=\"_blank\" rel=\"noopener\">https:\/\/twincity.sk<\/a><\/span><br><span style=\"font-size: 20px;\" data-msize=\"9px\">v spolupr\u00e1ci Siebert + Tala\u0161 spo<span style=\"color: #000000;\">l. s r.o,<\/span><\/span><\/div><\/div><\/div><\/div><\/div><\/div><\/div><div id=\"\" class=\"module col-12 module-id-1635321780559\" data-module-col=\"12\"><div class=\"module-inside grid-inside\" style=\"--top-mod: 0px;--bottom-mod: 0px;--top-mod-t: 0px;--bottom-mod-t: 0px;--top-mod-m:0px;--bottom-mod-m:40px;\" ><div class=\"container-masonry ux-portfolio-2col  ux-portfolio-full  ux-ratio-169  \" data-ratio=\"0.5625\" data-col=\"2\" data-found=\"6\" data-number=\"20\" data-mod=\"grid\"><div class=\"masonry-list grid-list clearfix grid-list-1635321780559 grid-list-tit-shown     mouseover-no-effect    \"  data-unique=\"1635321780559\" data-source=\"post\" data-spaceh=\"60\" data-spacev=\"100\" data-spaceh-m=\"0\" data-spacev-m=\"40\" data-col=\"2\" data-col-m=\"1\"><section class=\"grid-item sea-grid-item filter_all  \" data-postid=\"271\" data-tit=\"Post with Left Sidebar\"><div class=\"grid-item-inside  \" ><div class=\"grid-blog grid-text-left standard-text-padding\"><h2 class=\"grid-item-tit \"><a href=\"https:\/\/www.milanskorupa.sk\/index.php\/2020\/08\/12\/post-left-bar\/\"  class=\"grid-item-tit-a\" title=\"Post with Left Sidebar\" rel=\" \">Post with Left Sidebar<\/a><\/h2><div class=\"grid-item-des\"><p>Duis nec efficitur dui. Integer commodo, nisi eu tincidunt cursus, lectus ipsum posuere elit, non pulvinar.<\/p><\/div><span class=\"grid-item-cate\"><a href=\"https:\/\/www.milanskorupa.sk\/index.php\/category\/all\/\" title=\"View all posts in News\" class=\"grid-item-cate-a\">News<\/a><\/span><\/div><\/div><\/section><section class=\"grid-item sea-grid-item filter_all  \" data-postid=\"149\" data-tit=\"Video Post\"><div class=\"grid-item-inside  \" ><div class=\"embed-wrap-has-cover video-16-9\" style=\"\" ><iframe class=\"\" src=\"\/\/player.vimeo.com\/video\/339906947?title=0&amp;byline=0&amp;portrait=0&amp;autoplay=0\" allowfullscreen><\/iframe><\/div><div class=\"grid-blog grid-text-left standard-text-padding\"><h2 class=\"grid-item-tit \"><a href=\"https:\/\/www.milanskorupa.sk\/index.php\/2020\/09\/12\/video-post\/\"  class=\"grid-item-tit-a\" title=\"Video Post\">Video Post<\/a><\/h2><div class=\"grid-item-des\"><p>Mauris euismod efficitur viverra. Duis nec efficitur dui. Integer commodo, nisi eu tincidunt cursus, lectus ipsum posuere elit, non pulvinar.<\/p><\/div><span class=\"grid-item-cate\"><a href=\"https:\/\/www.milanskorupa.sk\/index.php\/category\/all\/\" title=\"View all posts in News\" class=\"grid-item-cate-a\">News<\/a><\/span><\/div><\/div><\/section><section class=\"grid-item sea-grid-item filter_all  \" data-postid=\"274\" data-tit=\"Standard Post &#8211; No Sidebar\"><div class=\"grid-item-inside  \" ><div class=\"grid-blog grid-text-left standard-text-padding\"><h2 class=\"grid-item-tit \"><a href=\"https:\/\/www.milanskorupa.sk\/index.php\/2020\/10\/06\/post-no-sidebar\/\"  class=\"grid-item-tit-a\" title=\"Standard Post &#8211; No Sidebar\" rel=\" \">Standard Post &#8211; No Sidebar<\/a><\/h2><div class=\"grid-item-des\"><p>Mauris euismod efficitur viverra. Duis nec efficitur dui. Integer commodo, nisi eu tincidunt cursus, lectus ipsum posuere elit, non pulvinar.<\/p><\/div><span class=\"grid-item-cate\"><a href=\"https:\/\/www.milanskorupa.sk\/index.php\/category\/all\/\" title=\"View all posts in News\" class=\"grid-item-cate-a\">News<\/a><\/span><\/div><\/div><\/section><section class=\"grid-item sea-grid-item filter_all  \" data-postid=\"270\" data-tit=\"Post with Right Sidebar\"><div class=\"grid-item-inside  \" ><div class=\"grid-blog grid-text-left standard-text-padding\"><h2 class=\"grid-item-tit \"><a href=\"https:\/\/www.milanskorupa.sk\/index.php\/2020\/10\/12\/post-right-sidebar\/\"  class=\"grid-item-tit-a\" title=\"Post with Right Sidebar\" rel=\" \">Post with Right Sidebar<\/a><\/h2><div class=\"grid-item-des\"><p>Mauris euismod efficitur viverra. Duis nec efficitur dui. Integer commodo, nisi eu tincidunt cursus, lectus ipsum posuere elit, non pulvinar<\/p><\/div><span class=\"grid-item-cate\"><a href=\"https:\/\/www.milanskorupa.sk\/index.php\/category\/all\/\" title=\"View all posts in News\" class=\"grid-item-cate-a\">News<\/a><\/span><\/div><\/div><\/section><section class=\"grid-item sea-grid-item filter_all  \" data-postid=\"406\" data-tit=\"Hello world!\"><div class=\"grid-item-inside  \" ><div class=\"grid-blog grid-text-left standard-text-padding\"><h2 class=\"grid-item-tit \"><a href=\"https:\/\/www.milanskorupa.sk\/index.php\/2021\/11\/27\/hello-world\/\"  class=\"grid-item-tit-a\" title=\"Hello world!\" rel=\" \">Hello world!<\/a><\/h2><span class=\"grid-item-cate\"><a href=\"https:\/\/www.milanskorupa.sk\/index.php\/category\/all\/\" title=\"View all posts in News\" class=\"grid-item-cate-a\">News<\/a><\/span><\/div><\/div><\/section><section class=\"grid-item sea-grid-item filter_all  \" data-postid=\"1\" data-tit=\"Ahoj svet!\"><div class=\"grid-item-inside  \" ><div class=\"grid-blog grid-text-left standard-text-padding\"><h2 class=\"grid-item-tit \"><a href=\"https:\/\/www.milanskorupa.sk\/index.php\/2022\/12\/01\/ahoj-svet\/\"  class=\"grid-item-tit-a\" title=\"Ahoj svet!\" rel=\" \">Ahoj svet!<\/a><\/h2><span class=\"grid-item-cate\"><a href=\"https:\/\/www.milanskorupa.sk\/index.php\/category\/all\/\" title=\"View all posts in News\" class=\"grid-item-cate-a\">News<\/a><\/span><\/div><\/div><\/section><\/div><\/div><\/div><\/div><\/div>","protected":false},"excerpt":{"rendered":"<p>Blog pri tvorbe verejn\u00fdch \u013eachko pri&nbsp; Pri tvorbe verejn\u00fdch interi\u00e9rov\u00fdch &hellip;<\/p>\n","protected":false},"author":1,"featured_media":0,"parent":0,"menu_order":0,"comment_status":"closed","ping_status":"closed","template":"","meta":{"inline_featured_image":false,"footnotes":""},"class_list":["post-211","page","type-page","status-publish","hentry"],"_links":{"self":[{"href":"https:\/\/www.milanskorupa.sk\/index.php\/wp-json\/wp\/v2\/pages\/211","targetHints":{"allow":["GET"]}}],"collection":[{"href":"https:\/\/www.milanskorupa.sk\/index.php\/wp-json\/wp\/v2\/pages"}],"about":[{"href":"https:\/\/www.milanskorupa.sk\/index.php\/wp-json\/wp\/v2\/types\/page"}],"author":[{"embeddable":true,"href":"https:\/\/www.milanskorupa.sk\/index.php\/wp-json\/wp\/v2\/users\/1"}],"replies":[{"embeddable":true,"href":"https:\/\/www.milanskorupa.sk\/index.php\/wp-json\/wp\/v2\/comments?post=211"}],"version-history":[{"count":0,"href":"https:\/\/www.milanskorupa.sk\/index.php\/wp-json\/wp\/v2\/pages\/211\/revisions"}],"wp:attachment":[{"href":"https:\/\/www.milanskorupa.sk\/index.php\/wp-json\/wp\/v2\/media?parent=211"}],"curies":[{"name":"wp","href":"https:\/\/api.w.org\/{rel}","templated":true}]}}

<div class="bm-builder clearfix "><div id="" class="module col-12 module-id-1635321779529" data-module-col="12"><div class="module-inside text-inside" style="--top-mod: 40px;--bottom-mod: 60px;--top-mod-t: 40px;--bottom-mod-t: 60px;--top-mod-m:20px;--bottom-mod-m:30px;" ><div class="text_block_out"  data-effect="standard" style=""><div class="text_block ux-mod-nobg"><div class="text_block_inn"><div id="text-1635321779529" class="text_block_centered text_block_centered_enable_width"  style=""><h1>Blog pri tvorbe verejných ľachko</h1>
<p>pri&nbsp;</p>
<div><span style="font-size: 20px;" data-msize="9px">Pri tvorbe verejných interiérových priestorov Twin City Tower bolo zámerom vytvoriť reprezentatívny, civilný a vzdušný priestor, ktorý nebude pôsobiť chladne, ale naopak primerane útulne vzhľadom na povahu jeho funkcie. Hlavnú myšlienku návrhu interiéru tvorí MATERIÁL. Keďže ide o výškovú budovu, primárna voľba materiálov bola jednoznačná. Do budovy s presklenou celou fasádou je vložený kameň, ktorý symbolizuje stabilitu a spoľahlivosť. Hlavný materiál je lokálne doplnený odľahčujúcimi, ktoré mu nekonkurujú a sú umiestnené najmä v priestoroch, kde treba predísť pocitom stiesnenia. Povrchová úprava kameňa je spracovaná tak, aby čo najviac vynikla štruktúra jeho prirodzeného povrch, ktorý sa umocnenie dojmu vhodne nasvieti. Prírodný kameň na podlahe aj stenách je matný s priznanou štruktúrou. Doplnením vhodného mobiliáru a prvkov zelene docielime požadovanú útulnosť priestoru.</span></div>
<div><span style="font-size: 20px;" data-msize="9px">Projekt Twin City Tower vznikol v spolupráci HB Reavis s partnerskými štúdiami CEPM a Siebert + Talaš a britským štúdiom John Roberston Architects.</span></div>
<div>&nbsp;</div>
<p><span style="letter-spacing: 0px; font-size: 20px;" data-msize="9px">Twin city Tower &#8211; interiér 2018</span></p>
<p style="text-align: left;"><span style="font-size: 20px;" data-msize="9px">Bratislava, Slovensko</span></p>
<div style="text-align: left;"><span style="font-size: 20px;" data-msize="9px">klient : HB Reavis</span><br><span style="font-size: 20px;" data-msize="9px"><a href="https://twincity.sk/" target="_blank" rel="noopener">https://twincity.sk</a></span><br><span style="font-size: 20px;" data-msize="9px">v spolupráci Siebert + Talaš spo<span style="color: #000000;">l. s r.o,</span></span></div></div></div></div></div></div></div><div id="" class="module col-12 module-id-1635321780559" data-module-col="12"><div class="module-inside grid-inside" style="--top-mod: 0px;--bottom-mod: 0px;--top-mod-t: 0px;--bottom-mod-t: 0px;--top-mod-m:0px;--bottom-mod-m:40px;" ><div class="container-masonry ux-portfolio-2col  ux-portfolio-full  ux-ratio-169  " data-ratio="0.5625" data-col="2" data-found="6" data-number="20" data-mod="grid"><div class="masonry-list grid-list clearfix grid-list-1635321780559 grid-list-tit-shown     mouseover-no-effect    "  data-unique="1635321780559" data-source="post" data-spaceh="60" data-spacev="100" data-spaceh-m="0" data-spacev-m="40" data-col="2" data-col-m="1"><section class="grid-item sea-grid-item filter_all  " data-postid="271" data-tit="Post with Left Sidebar"><div class="grid-item-inside  " ><div class="grid-blog grid-text-left standard-text-padding"><h2 class="grid-item-tit "><a href="https://www.milanskorupa.sk/index.php/2020/08/12/post-left-bar/"  class="grid-item-tit-a" title="Post with Left Sidebar" rel=" ">Post with Left Sidebar</a></h2><div class="grid-item-des"><p>Duis nec efficitur dui. Integer commodo, nisi eu tincidunt cursus, lectus ipsum posuere elit, non pulvinar.</p></div><span class="grid-item-cate"><a href="https://www.milanskorupa.sk/index.php/category/all/" title="View all posts in News" class="grid-item-cate-a">News</a></span></div></div></section><section class="grid-item sea-grid-item filter_all  " data-postid="149" data-tit="Video Post"><div class="grid-item-inside  " ><div class="embed-wrap-has-cover video-16-9" style="" ><iframe class="" src="//player.vimeo.com/video/339906947?title=0&amp;byline=0&amp;portrait=0&amp;autoplay=0" allowfullscreen></iframe></div><div class="grid-blog grid-text-left standard-text-padding"><h2 class="grid-item-tit "><a href="https://www.milanskorupa.sk/index.php/2020/09/12/video-post/"  class="grid-item-tit-a" title="Video Post">Video Post</a></h2><div class="grid-item-des"><p>Mauris euismod efficitur viverra. Duis nec efficitur dui. Integer commodo, nisi eu tincidunt cursus, lectus ipsum posuere elit, non pulvinar.</p></div><span class="grid-item-cate"><a href="https://www.milanskorupa.sk/index.php/category/all/" title="View all posts in News" class="grid-item-cate-a">News</a></span></div></div></section><section class="grid-item sea-grid-item filter_all  " data-postid="274" data-tit="Standard Post &#8211; No Sidebar"><div class="grid-item-inside  " ><div class="grid-blog grid-text-left standard-text-padding"><h2 class="grid-item-tit "><a href="https://www.milanskorupa.sk/index.php/2020/10/06/post-no-sidebar/"  class="grid-item-tit-a" title="Standard Post &#8211; No Sidebar" rel=" ">Standard Post &#8211; No Sidebar</a></h2><div class="grid-item-des"><p>Mauris euismod efficitur viverra. Duis nec efficitur dui. Integer commodo, nisi eu tincidunt cursus, lectus ipsum posuere elit, non pulvinar.</p></div><span class="grid-item-cate"><a href="https://www.milanskorupa.sk/index.php/category/all/" title="View all posts in News" class="grid-item-cate-a">News</a></span></div></div></section><section class="grid-item sea-grid-item filter_all  " data-postid="270" data-tit="Post with Right Sidebar"><div class="grid-item-inside  " ><div class="grid-blog grid-text-left standard-text-padding"><h2 class="grid-item-tit "><a href="https://www.milanskorupa.sk/index.php/2020/10/12/post-right-sidebar/"  class="grid-item-tit-a" title="Post with Right Sidebar" rel=" ">Post with Right Sidebar</a></h2><div class="grid-item-des"><p>Mauris euismod efficitur viverra. Duis nec efficitur dui. Integer commodo, nisi eu tincidunt cursus, lectus ipsum posuere elit, non pulvinar</p></div><span class="grid-item-cate"><a href="https://www.milanskorupa.sk/index.php/category/all/" title="View all posts in News" class="grid-item-cate-a">News</a></span></div></div></section><section class="grid-item sea-grid-item filter_all  " data-postid="406" data-tit="Hello world!"><div class="grid-item-inside  " ><div class="grid-blog grid-text-left standard-text-padding"><h2 class="grid-item-tit "><a href="https://www.milanskorupa.sk/index.php/2021/11/27/hello-world/"  class="grid-item-tit-a" title="Hello world!" rel=" ">Hello world!</a></h2><span class="grid-item-cate"><a href="https://www.milanskorupa.sk/index.php/category/all/" title="View all posts in News" class="grid-item-cate-a">News</a></span></div></div></section><section class="grid-item sea-grid-item filter_all  " data-postid="1" data-tit="Ahoj svet!"><div class="grid-item-inside  " ><div class="grid-blog grid-text-left standard-text-padding"><h2 class="grid-item-tit "><a href="https://www.milanskorupa.sk/index.php/2022/12/01/ahoj-svet/"  class="grid-item-tit-a" title="Ahoj svet!" rel=" ">Ahoj svet!</a></h2><span class="grid-item-cate"><a href="https://www.milanskorupa.sk/index.php/category/all/" title="View all posts in News" class="grid-item-cate-a">News</a></span></div></div></section></div></div></div></div></div>

<p>Blog pri tvorbe verejných ľachko pri&nbsp; Pri tvorbe verejných interiérových &hellip;</p>
